122102
In base 16, what is -10a2a0d - -5?
-10a2a08
In base 9, what is 1433 + -56834?
-55401
In base 10, what is 35695 - -275?
35970
In base 12, what is 41753369 + 2?
4175336b
In base 4, what is -220221 + -1211020?
-2031301
In base 10, what is 543679649 - -4?
543679653
In base 12, what is -11423277 - -4?
-11423273
In base 10, what is -11563323 + -3?
-11563326
In base 6, what is -2100404155 - -2?
-2100404153
In base 8, what is 107 - 107337?
-107230
In base 16, what is 5 - 35653a?
-356535
In base 8, what is -34742061 - -41?
-34742020
In base 2, what is 100110110110000 - -11001000111?
101001111110111
In base 8, what is 3 - -35011772?
35011775
In base 10, what is 1020317 - 58?
1020259
In base 8, what is -14562 - 13?
-14575
In base 16, what is 291 - -1c753?
1c9e4
In base 4, what is 102020133 + 12322?
102033121
In base 15, what is -9281a - -155?
-926b5
In base 2, what is 0 - -10001001011101000000110?
10001001011101000000110
In base 11, what is -25 - -846326?
846301
In base 12, what is 7813 - 3a96?
3939
In base 13, what is -20 - 11ca93?
-11cab3
In base 7, what is -43400 - 1036?
-44436
In base 3, what is -1 + -1022102200?
-1022102201
In base 13, what is 51301a + -2c?
512cbb
In base 3, what is 1 + 2212201220212101?
2212201220212102
In base 10, what is -8784727 + -4?
-8784731
In base 10, what is -3086680 + -20?
-3086700
In base 3, what is 2002 - -1011222000102?
1011222002111
In base 2, what is 1001010101010001111 + 10000101?
1001010101100010100
In base 15, what is aedce7c - -2?
aedce7e
In base 11, what is 482580 - -4?
482584
In base 7, what is 104323 + -32654?
41336
In base 5, what is 304244 - 13103?
241141
In base 5, what is 2123044343 + 3?
2123044401
In base 12, what is 1 + 244889ab?
244889b0
In base 10, what is 5 + -29277177?
-29277172
In base 8, what is -432215705 + -10?
-432215715
In base 11, what is 6934 + 463?
7297
In base 16, what is 4ee44b + -2?
4ee449
In base 3, what is 10202100202 + -111121221?
10020201211
In base 4, what is 1132 + 112122213?
112130011
In base 9, what is 2 - -2573272?
2573274
In base 11, what is aa1 - 6222?
-5231
In base 9, what is -7635523 - -44?
-7635468
In base 16, what is -149 + -30c3?
-320c
In base 5, what is 10 + -3141332223?
-3141332213
In base 5, what is 4 - -3022003134?
3022003143
In base 7, what is 6661465 + -261?
6661204
In base 14, what is 3cb4 - b66?
314c
In base 4, what is -2 - 22011133311?
-22011133313
In base 2, what is 11111110111010 + 1010111100?
100001001110110
In base 16, what is 5 - 168323?
-16831e
In base 4, what is 11023220300320 + -11?
11023220300303
In base 8, what is 2743351 + 12?
2743363
In base 16, what is -87d34cf - 4?
-87d34d3
In base 10, what is 5 + -5890171?
-5890166
In base 3, what is 10111011102 + 1012212?
10112101021
In base 6, what is 144 + -4544254?
-4544110
In base 14, what is -80603 - -71c?
-7dcc5
In base 13, what is -35b52 - -6?
-35b49
In base 5, what is -104422131441 - -2?
-104422131434
In base 8, what is -75 - -1105524?
1105427
In base 2, what is -101 + -1010000000100110001110?
-1010000000100110010011
In base 4, what is 2 - -1303113122100?
1303113122102
In base 12, what is -4462 + -9054?
-114b6
In base 5, what is 12001413 + 212?
12002130
In base 15, what is 1c4 - -46e69?
4713d
In base 9, what is -8356 - 26258?
-35625
In base 8, what is 4 + 50062107?
50062113
In base 14, what is -24c + -2c71d?
-2c96b
In base 5, what is 14231 - 203243?
-134012
In base 8, what is 52477 + 4771?
57470
In base 15, what is 1113ec7 + 6?
1113ecd
In base 14, what is 374519 - -a6?
3745c1
In base 10, what is 17 + 225787?
225804
In base 7, what is -5544355664 - 3?
-5544356000
In base 5, what is 1 - 222013433?
-222013432
In base 15, what is -1a + 8aa?
890
In base 11, what is 40415 - 84?
40341
In base 9, what is -653 + -23874?
-24637
In base 8, what is -30424 - 27?
-30453
In base 12, what is -108 - -3a69a?
3a592
In base 5, what is 12002434441 + -2?
12002434434
In base 16, what is -3 - -107aa2da?
107aa2d7
In base 6, what is -4304 + 133452?
125144
In base 15, what is 22595 + 28?
225bd
In base 14, what is 2b2623a + 3?
2b2623d
In base 11, what is -1a8 + -196179?
-196376
In base 15, what is 25a8ab1e - 5?
25a8ab19
In base 4, what is 1 + -1000033223311?
-1000033223310
In base 13, what is 1327358c + -8?
13273584
In base 8, what is 64713007 - -42?
64713051
In base 15, what is 14453e + ba?
144609
In base 7, what is 414216 - -220?
414436
In base 3, what is 1000112202020 - 0?
1000112202020
In base 16, what is 7746e127 - -3?
7746e12a
In base 6, what is 21323003 - -102?
21323105
In base 9, what is 462743 + 11?
462754
In base 14, what is 22c33a2 - 5?
22c339b
In base 3, what is -1 - -21220010020222?
21220010020221
In base 6, what is 0 - -12455510325?
12455510325
In base 14, what is -1a6146c + -11?
-1a6147d
In base 10, what is 37378083 - -9?
37378092
In base 7, what is -203 + 24356?
24153
In base 5, what is -303113012 + 101?
-303112411
In base 15, what is -328eb6 - -c?
-328ea9
In base 11, what is 14 + 451120?
451134
In base 14, what is 1a990d0 - -4?
1a990d4
In base 14, what is 83d64 + -c2?
83c82
In base 10, what is 3 - -76567930?
76567933
In base 12, what is -25782 - 517?
-26099
In base 12, what is 9a3463a - -5?
9a34643
In base 13, what is -2 + 7793864?
7793862
In base 4, what is 10321333111 - -12121?
10322011232
In base 14, what is -3b - -4107b?
41040
In base 4, what is -11 - -2020320333122?
2020320333111
In base 11, what is 1443680 + -551?
144312a
In base 10, what is 2971 - -32077?
35048
In base 4, what is 1200 + -3111101332?
-3111100132
In base 16, what is e8f35b - d?
e8f34e
In base 10, what is -3167 + 772?
-2395
In base 8, what is -1 - -12257011?
12257010
In base 12, what is 464a - -528?
4b76
In base 10, what is -1075 - 216236?
-217311
In base 11, what is -34948 - -91?
-34867
In base 10, what is 886984059 - 0?
886984059
In base 11, what is -3884 - 30876?
-3464a
In base 3, what is 20222122 + 2100121?
100100020
In base 16, what is -6256e5 - 3?
-6256e8
In base 8, what is -100 - 673747?
-674047
In base 13, what is -450c - -3a7a?
-762
In base 4, what is -2021102011 + 2?
-2021102003
In base 14, what is -3 - -8b9396?
8b9393
In base 5, what is -4 - -22200200313?
22200200304
In base 15, what is -5ad7 - b74?
-675b
In base 7, what is -55303240616 - 0?
-55303240616
In base 15, what is 19502669 + 1?
1950266a
In base 2, what is 100001010101100110000 - 101?
100001010101100101011
In base 6, what is 13315532 - -35?
13320011
In base 11, what is -26a35 - -255?
-26790
In base 5, what is 124021 - -4024?
133100
In base 5, what is -24104033210 + 4?
-24104033201
In base 15, what is 221e + -a487?
-8268
In base 3, what is -12202112222122 + -1122?
-12202120001021
In base 10, what is -93730689 - 2?
-93730691
In base 4, what is 111120310012 + -1301?
111120302111
In base 4, what is 330212212 - 121233?
330030313
In base 14, what is 51 - 18760c6?
-1876075
In base 13, what is 3c16 - 122a0?
-b387
In base 2, what is 101 - -1111010100011101100111?
1111010100011101101100
In base 16, what is -1e + -23561d?
-23563b
In base 3, what is 2212120201100012 + 22?
2212120201100111
In base 7, what is -36614 + 1522?
-35062
In base 5, what is 10221413 + -2120?
10214243
In base 10, what is -466 + 25556?
25090
In base 9, what is 224 - 41856?
-41632
In base 11, what is 31491 + -522?
30a6a
In base 12, what is -1 - -1128674?
1128673
In base 8, what is 4 + -46755765?
-46755761
In base 14, what is 3700801 + -1c?
37007c3
In base 16, what is 2 + 197955b?
197955d
In base 12, what is 3 + -1866a029?
-1866a026
In base 10, what is -70807 - 22?
-70829
In base 14, what is -4a8acc4d + -1?
-4a8acc50
In base 12, what is -16801a0 + 0?
-16801a0
In base 8, what is -2 + 7517140?
7517136
In base 16, what is f8d6 - -13a?
fa10
In base 5, what is -1 + -22121030200?
-22121030201
In base 3, what is 12 - -12001122111210220?
12001122111211002
In base 5, what is 101214300 - 20031?
101144214
In base 12, what is -3 + 1aa9b272?
1aa9b26b
In base 8, what is -2654 - -15715?
13041
In base 6, what is 43 + 5312050?
5312133
In base 15, what is 3792 - -11ac?
494e
In base 3, what is -102212220122 + -201020?
-102220121212
In base 13, what is -a5a16 + 386?
-a5660
In base 16, what is 351d + -105?
3418
In base 16, what is 2841 + -717a?
-4939
In base 11, what is -9 - 750a0?
-750a9
In base 5, what is 10123 - 2432?
2141
In 